{"id":15,"date":"2016-07-29T14:33:19","date_gmt":"2016-07-29T14:33:19","guid":{"rendered":"http:\/\/smartschool.cat\/?page_id=15"},"modified":"2025-05-13T10:27:31","modified_gmt":"2025-05-13T10:27:31","slug":"lescola","status":"publish","type":"page","link":"https:\/\/smartschool.cat\/?page_id=15","title":{"rendered":"L&#8217;Escola"},"content":{"rendered":"<div class=\"be-section         clearfix\" data-headerscheme=\"background--dark\" style=\" \"  ><div class=\"be-section-pad clearfix \" style=\" padding-top:90px;padding-bottom:90px;\" data-padding-top = \"90\"><div  class=\"be-row be-wrap clearfix \"><div  class=\"one-col column-block clearfix  no-background    \" data-animation=\"\" style=\"  \"><div class=\"be-custom-column-inner\"><div class=\"special-heading-wrap style1 be-animate scrollToFade\" data-animation=\"fadeIn\"><div class=\"special-heading align-center\"><h1 class=\"special-h-tag\" style=\"color: #000000\">L'Escola<\/h1><\/div><\/div><div class=\"be-text-block be-animate scrollToFade\" data-animation=\"fadeIn\"><p><img loading=\"lazy\" decoding=\"async\" class=\"aligncenter wp-image-181 size-full\" src=\"https:\/\/smartschool.cat\/wp-content\/uploads\/2020\/06\/foto_academia_2020.jpg\" alt=\"\" width=\"2048\" height=\"1129\" srcset=\"https:\/\/smartschool.cat\/wp-content\/uploads\/2020\/06\/foto_academia_2020.jpg 2048w, https:\/\/smartschool.cat\/wp-content\/uploads\/2020\/06\/foto_academia_2020-300x165.jpg 300w, https:\/\/smartschool.cat\/wp-content\/uploads\/2020\/06\/foto_academia_2020-1024x565.jpg 1024w, https:\/\/smartschool.cat\/wp-content\/uploads\/2020\/06\/foto_academia_2020-768x423.jpg 768w, https:\/\/smartschool.cat\/wp-content\/uploads\/2020\/06\/foto_academia_2020-1536x847.jpg 1536w, https:\/\/smartschool.cat\/wp-content\/uploads\/2020\/06\/foto_academia_2020-91x50.jpg 91w, https:\/\/smartschool.cat\/wp-content\/uploads\/2020\/06\/foto_academia_2020-650x358.jpg 650w, https:\/\/smartschool.cat\/wp-content\/uploads\/2020\/06\/foto_academia_2020-1000x551.jpg 1000w\" sizes=\"auto, (max-width: 2048px) 100vw, 2048px\" \/><\/p>\n<p style=\"text-align: justify;\">&nbsp;<\/p>\n<\/div><\/div><\/div><\/div><div  class=\"be-row be-wrap clearfix \"><div  class=\"one-half column-block  no-background    \" data-animation=\"\" style=\"  \"><div class=\"be-custom-column-inner\"><p>Smart School \u00e9s la nostra acad\u00e8mia situada al barri de Sant Gervasi de Barcelona.<\/p>\n<p>Impartim classes d\u2019angl\u00e8s de tots els nivells (d\u2019A1 a C2). A m\u00e9s, Smart School \u00e9s una <strong>Escola Oficial de Preparaci\u00f3 dels Ex\u00e0mens de Cambridge (First Certificate, Advanced i Proficiency).&nbsp;<\/strong><\/p>\n<p>Amb els alumnes d\u2019entre 7 i 12 anys (Kids 1 i Kids 2) es treballa sobretot l\u2019oral i el&nbsp;<em>listening<\/em> a trav\u00e9s de jocs, m\u00fasica, <em>role play<\/em>, relats, etc., que ajuden els nens a parlar i a escoltar la llengua d\u2019una manera distesa i entretinguda, aconseguint uns excel\u00b7lents resultats.<\/p>\n<p>A partir dels 13 i fins als 17 anys (Teens 1 i Teens 2), Smart School aposta per classes din\u00e0miques que reforcen la materia feta a les escoles i la preparaci\u00f3 per ex\u00e0mens oficials. Els grups s\u00f3n molt redu\u00efts i, per tant, es treballa molt b\u00e9 l\u2019oral i el <em>listening<\/em>, sempre refor\u00e7ant la gram\u00e0tica. Aquestes sessions s\u2019estructuren a partir de <em>role-play<\/em>, debats, exposicions, v\u00eddeos de Youtube, etc.<\/p>\n<\/div><\/div><div  class=\"one-half column-block  no-background    \" data-animation=\"\" style=\"  \"><div class=\"be-custom-column-inner\"><p>Tots els professors s\u00f3n nadius i titulats, i tenen experi\u00e8ncia en els diferents nivells i edats amb els quals treballen.<\/p>\n<p>S\u2019hi fan proves de nivell escrites i orals, sense comprom\u00eds, concertant cita amb el director del centre; aix\u00ed mateix, tamb\u00e9 es porta a terme una avaluaci\u00f3 continuada per fer un seguiment constant i ajudar l\u2019alumne en tot all\u00f2 que pugui millorar o refor\u00e7ar per seguir avan\u00e7ant.<\/p>\n<p>Preus:<\/p>\n<ul>\n<li>1 hora setmanal\/ 50 euros al mes<\/li>\n<li>1.5 hores setmanals\/ 65 euros al mes<\/li>\n<li>2 hores setmanals\/ 80 euros al mes<\/li>\n<li>3 hores setmanals\/ 105 euros al mes<\/li>\n<\/ul>\n<\/div><\/div><\/div><div  class=\"be-row be-wrap clearfix \"><div  class=\"one-col column-block clearfix  no-background    \" data-animation=\"\" style=\"  \"><div class=\"be-custom-column-inner\"><div class=\"testimonials_wrap \" data-animation=\"fadeIn\" ><div class=\"testimonials-slides\"><div class=\"clearfix testimonial_module slides center-content\" data-slide-show=\"1\" data-slide-show-speed=\"4000\" data-slide-animation-type=\"slide\" data-pagination=\"1\"><div class=\"testimonial_slide slide clearfix\"><div class=\"testimonial_slide_inner\"><i class=\"font-icon icon-quote\" ><\/i><p style= \"font-size: 14px;\" class=\"testimonial-content\"><p>\u201cLlevamos 3 a\u00f1os ya en Smart School y nos gusta mucho la din\u00e1mica de las clases.\u201d (Roger)<\/p><\/p><div class=\"testimonial-author-info-wrap clearfix\"><div class=\"testimonial-author-info\"><\/div><\/div><\/div><\/div><div class=\"testimonial_slide slide clearfix\"><div class=\"testimonial_slide_inner\"><i class=\"font-icon icon-quote\" ><\/i><p style= \"font-size: 14px;\" class=\"testimonial-content\"><p>\u201cM\u2019agrada molt que els grups siguin molt petits, llavors els nens aprenen r\u00e0pid.\u201d (Maria)<\/p><\/p><div class=\"testimonial-author-info-wrap clearfix\"><div class=\"testimonial-author-info\"><\/div><\/div><\/div><\/div><div class=\"testimonial_slide slide clearfix\"><div class=\"testimonial_slide_inner\"><i class=\"font-icon icon-quote\" ><\/i><p style= \"font-size: 14px;\" class=\"testimonial-content\"><p>\u201cQue todos los profesores sean nativos, marca la diferencia.\u201d (Carlos)<\/p><\/p><div class=\"testimonial-author-info-wrap clearfix\"><div class=\"testimonial-author-info\"><\/div><\/div><\/div><\/div><\/div><\/div><\/div><\/div><\/div><\/div><\/div><\/div>","protected":false},"excerpt":{"rendered":"<p>L&#8217;Escola &nbsp; Smart School \u00e9s la nostra acad\u00e8mia situada al barri de Sant Gervasi de Barcelona. Impartim classes d\u2019angl\u00e8s de tots els nivells (d\u2019A1 a C2). A m\u00e9s, Smart School [&hellip;]<\/p>\n<p><a href=\"https:\/\/smartschool.cat\/?page_id=15\" class=\"more-link style1-button\">Read More<\/a><\/p>","protected":false},"author":1,"featured_media":0,"parent":0,"menu_order":0,"comment_status":"closed","ping_status":"closed","template":"","meta":{"footnotes":""},"class_list":["post-15","page","type-page","status-publish","hentry"],"_links":{"self":[{"href":"https:\/\/smartschool.cat\/index.php?rest_route=\/wp\/v2\/pages\/15","targetHints":{"allow":["GET"]}}],"collection":[{"href":"https:\/\/smartschool.cat\/index.php?rest_route=\/wp\/v2\/pages"}],"about":[{"href":"https:\/\/smartschool.cat\/index.php?rest_route=\/wp\/v2\/types\/page"}],"author":[{"embeddable":true,"href":"https:\/\/smartschool.cat\/index.php?rest_route=\/wp\/v2\/users\/1"}],"replies":[{"embeddable":true,"href":"https:\/\/smartschool.cat\/index.php?rest_route=%2Fwp%2Fv2%2Fcomments&post=15"}],"version-history":[{"count":1,"href":"https:\/\/smartschool.cat\/index.php?rest_route=\/wp\/v2\/pages\/15\/revisions"}],"predecessor-version":[{"id":16,"href":"https:\/\/smartschool.cat\/index.php?rest_route=\/wp\/v2\/pages\/15\/revisions\/16"}],"wp:attachment":[{"href":"https:\/\/smartschool.cat\/index.php?rest_route=%2Fwp%2Fv2%2Fmedia&parent=15"}],"curies":[{"name":"wp","href":"https:\/\/api.w.org\/{rel}","templated":true}]}}